{"id":1936,"date":"2016-11-15T10:44:45","date_gmt":"2016-11-15T09:44:45","guid":{"rendered":"http:\/\/oskoper.splet.arnes.si\/?page_id=1936"},"modified":"2023-11-28T11:22:02","modified_gmt":"2023-11-28T10:22:02","slug":"nadstandardni-sportni-program-v-prvem-triletju","status":"publish","type":"page","link":"https:\/\/oskoper.splet.arnes.si\/?page_id=1936","title":{"rendered":"Nadstandardni  program"},"content":{"rendered":"<p>[et_pb_section fb_built=&#8221;1&#8243; fullwidth=&#8221;on&#8221; admin_label=&#8221;Section&#8221; _builder_version=&#8221;4.16&#8243; background_color=&#8221;rgba(255,255,255,0)&#8221; transparent_background=&#8221;on&#8221; global_colors_info=&#8221;{}&#8221;][et_pb_fullwidth_menu menu_id=&#8221;45&#8243; submenu_direction=&#8221;downwards&#8221; fullwidth_menu=&#8221;off&#8221; active_link_color=&#8221;#dd3333&#8243; admin_label=&#8221;Fullwidth Menu&#8221; _builder_version=&#8221;4.16&#8243; menu_font=&#8221;|on|||&#8221; menu_text_color=&#8221;#31661f&#8221; background_color=&#8221;rgba(255,255,255,0)&#8221; text_orientation=&#8221;justified&#8221; saved_tabs=&#8221;all&#8221; global_colors_info=&#8221;{}&#8221;][\/et_pb_fullwidth_menu][\/et_pb_section][et_pb_section fb_built=&#8221;1&#8243; admin_label=&#8221;section&#8221; _builder_version=&#8221;4.16&#8243; global_colors_info=&#8221;{}&#8221;][et_pb_row admin_label=&#8221;row&#8221; _builder_version=&#8221;4.16&#8243; background_size=&#8221;initial&#8221; background_position=&#8221;top_left&#8221; background_repeat=&#8221;repeat&#8221; global_colors_info=&#8221;{}&#8221;][et_pb_column type=&#8221;4_4&#8243; _builder_version=&#8221;4.16&#8243; custom_padding=&#8221;|||&#8221; global_colors_info=&#8221;{}&#8221; custom_padding__hover=&#8221;|||&#8221;][et_pb_text admin_label=&#8221;Text&#8221; _builder_version=&#8221;4.18.0&#8243; background_size=&#8221;initial&#8221; background_position=&#8221;top_left&#8221; background_repeat=&#8221;repeat&#8221; hover_enabled=&#8221;0&#8243; use_border_color=&#8221;off&#8221; border_color=&#8221;#ffffff&#8221; border_style=&#8221;solid&#8221; global_colors_info=&#8221;{}&#8221; sticky_enabled=&#8221;0&#8243;]<\/p>\n<h3>NADSTANDARDNI PROGRAM<\/h3>\n<p style=\"text-align: justify\">S \u0161olskim letom 2016\/2017 je MOK pri\u010dela z druga\u010dno obliko sofinanciranja dodatnih programov po izbiri \u0161ole. Finan\u010dno podpira programe, ki izhajajo iz interesa u\u010dencev in okolja, usmeritve \u0161ole, so inovativni in imajo konkretne cilje.<\/p>\n<p>Kot dodatni program po izbiri \u0161ole MOK sofinancira naslednje vsebinske sklope:<\/p>\n<p><strong>1.\u00a0\u00a0\u00a0\u00a0 Podro\u010dna pismenost:<\/strong><\/p>\n<p style=\"padding-left: 30px\">a) funkcionalna pismenost<\/p>\n<p style=\"padding-left: 30px\">b) <strong>matemati\u010dna pismenost 6.-9. r<\/strong><\/p>\n<p style=\"padding-left: 30px\">c) <strong>bralna pismenost 6.-9. r<\/strong><\/p>\n<p style=\"padding-left: 30px\">d) digitalna pismenost<\/p>\n<p style=\"padding-left: 30px\">e) <strong>regulacija \u010dustev<\/strong><\/p>\n<p><span style=\"color: #999999\"><strong>2.\u00a0\u00a0\u00a0\u00a0 Jezikovna pismenost (tuj jezik)<\/strong><\/span><\/p>\n<p><span style=\"color: #999999\"><strong>3.\u00a0\u00a0\u00a0\u00a0 \u0160portni program<\/strong><\/span><\/p>\n<h3><span style=\"color: #999999\">NADSTANDARDNI \u0160PORTNI PROGRAM V PRVEM TRILETJU<\/span><\/h3>\n<p style=\"text-align: justify\"><span style=\"color: #999999\">Na Osnovni \u0161oli Koper je organiziran nadstandardni \u0161portni program za u\u010dence od prvega do tretjega razreda. U\u010dno-vzgojni proces za u\u010dence, vklju\u010dene v nadstandardni \u0161portni program, se razlikuje v tem, da imajo vklju\u010deni u\u010denci vsak dan eno uro \u0161portne vzgoje, ki jo vodita razredni\u010darka ali u\u010ditelj \u0161portne vzgoje ter enodnevne izven\u0161olske aktivnosti: tri \u0161portne sobote (planinski izleti, kolesarjenje \u2026).<\/span><\/p>\n<p style=\"text-align: justify\"><span style=\"color: #999999\">Namen \u0161portnega programa je ponuditi otrokom kvalitetno, vsakodnevno \u0161portno \u017eivljenje. Cilj takega programa je lahko \u0161portni rezultat ali pa le \u017eelja po gibanju in prispevek \u0161porta h kakovosti \u017eivljenja.<\/span><\/p>\n<p style=\"text-align: justify\"><span style=\"color: #999999\">V \u0161portni program bodo vklju\u010deni otroci, ki bodo to \u017eeleli, njihovi star\u0161i pa bodo pogodbeno pripravljeni sofinancirati izvajanje \u0161portnega programa.<\/span><\/p>\n<p><span style=\"color: #999999\">V okviru \u0161portnega programa bomo v \u0161olskem letu 2019\/2020 izvedli naslednje \u0161portne dejavnosti:<\/span><\/p>\n<table>\n<tbody>\n<tr>\n<td width=\"129\"><\/td>\n<td width=\"77\"><span style=\"color: #999999\"><strong>RAZRED<\/strong><\/span><\/td>\n<td width=\"123\"><span style=\"color: #999999\"><strong>DEJAVNOST<\/strong><\/span><\/td>\n<td width=\"75\"><span style=\"color: #999999\"><strong>\u010cAS<\/strong><\/span><\/td>\n<td width=\"94\"><span style=\"color: #999999\"><strong>NOSILEC<\/strong><\/span><\/td>\n<\/tr>\n<tr>\n<td width=\"129\"><span style=\"color: #999999\">1. dejavnost<\/span><\/td>\n<td width=\"77\"><span style=\"color: #999999\">1.\u20133.<\/span><\/td>\n<td width=\"123\"><span style=\"color: #999999\">Kajak kanu<\/span><\/td>\n<td width=\"75\"><span style=\"color: #999999\">september<\/span><\/td>\n<td width=\"94\"><span style=\"color: #999999\">vsi \u0161portni pedagogi<\/span><\/td>\n<\/tr>\n<tr>\n<td width=\"129\"><span style=\"color: #999999\">2. dejavnost<\/span><\/td>\n<td width=\"77\"><span style=\"color: #999999\">1.\u20133.<\/span><\/td>\n<td width=\"123\"><span style=\"color: #999999\">No\u010dni pohod<\/span><\/td>\n<td width=\"75\"><span style=\"color: #999999\">marec<\/span><\/td>\n<td width=\"94\"><span style=\"color: #999999\">vsi \u0161portni pedagogi<\/span><\/td>\n<\/tr>\n<\/tbody>\n<\/table>\n<p><span style=\"color: #999999\"><strong>\u00a0<\/strong><strong>FINAN\u010cNA STRUKTURA \u0160PORTNEGA PROGRAMA<\/strong><\/span><\/p>\n<ul>\n<li style=\"text-align: justify\"><span style=\"color: #999999\">Predvideni prispevek star\u0161ev: <\/span>\n<ul>\n<li><span style=\"color: #999999\">okvirno 19,90 \u20ac mese\u010dno za realizacijo nadstandardnega (dodatnega) pouka \u0161portne vzgoje, ki ga vodi u\u010ditelj \u0160VZ (2 pedago\u0161ki uri tedensko),<\/span><\/li>\n<li><span style=\"color: #999999\">stro\u0161ki ve\u010ddnevnih aktivnosti izven \u0161ole (\u0161ola v naravi),<\/span><\/li>\n<li><span style=\"color: #999999\">stro\u0161ki enodnevnih dejavnosti izven \u0161ole (\u0161portne sobote).<\/span><\/li>\n<\/ul>\n<\/li>\n<li style=\"text-align: justify\"><span style=\"color: #999999\">Predvideni prispevek \u0161ole: financiranje in nabava materialnih sredstev in drobnega materiala za izvajanje \u0161portnega programa, financiranje organizacije in spremljanja \u0161portnega programa.<\/span><\/li>\n<\/ul>\n<h3>NADSTANDARDNI PROGRAM REGULACIJE \u010cUSTEV<\/h3>\n<p><strong>Predstavitev in cilji programa:<\/strong><\/p>\n<p>Glede na zaznan porast otrok s te\u017eavami v \u010dustvovanju in vedenju, bo program namenjen krepitvi uravnavanja \u010dustev, krepitvi pozitivne samopodobe in iskanju virov mo\u010di v otrokovem okolju. Cilj programa je u\u010dencem, ki se sre\u010dujejo s te\u017eavami na podro\u010dju \u010dustvovanja, vedenja ter komunikacije, ponuditi podporo ter u\u010denje novih ve\u0161\u010din. Program bo potekal na \u0161tirih nivojih:<\/p>\n<ol>\n<li>SKUPINSKE DELAVNICE (manj\u0161e skupine)<\/li>\n<li>INDIVIDUALNO DELO Z U\u010cENCI<\/li>\n<li>PODPORA V STISKI<\/li>\n<li>PODPORA U\u010cENCEM V ODDELKU<\/li>\n<\/ol>\n<p>V sklopu programa bosta strokovni delavki po vnaprej dolo\u010denem urniku u\u010dencem na razpolago za pogovor o stiskah, ki jih do\u017eivljajo. Pogovor bo namenjen razbremenitvi ter iskanju virov za premagovanje stiske, preden se ta stopnjuje. Program se bo izvajal v sodelovanju s star\u0161i, \u0161olsko svetovalno slu\u017ebo, razredniki ter po potrebi z zunanjimi izvajalci.<\/p>\n<p><strong>Izvajalki:<\/strong> Aneta CURAVI\u0106 NJEGOMIROVI\u0106, Teja VILER<\/p>\n<p>&nbsp;<\/p>\n<h3>NADSTANDARDNI PROGRAM BRALNE PISMENOSTI<\/h3>\n<p>NAMEN IN UTEMELJITEV NADSTANDARDNEGA PROGRAMA BRALNE PISMENOSTI<\/p>\n<p style=\"text-align: justify\">Bralna pismenost ima pomembno vlogo v na\u0161em vsakdanjem \u017eivljenju, saj nam omogo\u010da, da se znamo ustno in pisno sporazumevati na tak\u0161ni ravni, ki nam omogo\u010da uspe\u0161no delovanje v dru\u017ebi (Didaktika september 2014). Z izvajanjem programa \u017eelimo vsem u\u010dencem zagotoviti mo\u017enost dela in napredovanja na podro\u010dju bralne pismenosti, da bodo posledi\u010dno imeli dostop do kakovostnega izobra\u017eevanja.<\/p>\n<p style=\"text-align: justify\">Glavni nameni programa so:<\/p>\n<ul style=\"text-align: justify\">\n<li>izbolj\u0161ati splo\u0161ni u\u010dni uspeh u\u010dencev;<\/li>\n<li>spodbujati njihovo sodelovanje, povezovanje in u\u010denje z vrstniki;<\/li>\n<li>pozitivno vplivati na samozavest u\u010dencev in zagotoviti enake prilo\u017enosti za u\u010denje ne glede na socialno in ekonomsko-kulturno ozadje;<\/li>\n<\/ul>\n<p style=\"text-align: justify\">Program se izvaja na podro\u010dju treh jezikov, in sicer sloven\u0161\u010dine, angle\u0161\u010dine in italijan\u0161\u010dine.<\/p>\n<h3>DEJAVNOSTI ZA DVIG MATEMATI\u010cNE PISMENOSTI<\/h3>\n<p>Predstavitev in cilji programa:<\/p>\n<p style=\"text-align: justify\">Pojem matemati\u010dna pismenost pomeni zmo\u017enost za zaznavanje, razumevanje in uporabo matemati\u010dnih argumentov v vsakdanjem \u017eivljenju. Pomembna je zlasti zmo\u017enost za prirejanje matemati\u010dnega argumenta iz znane situacije v neznano oziroma uporaba matemati\u010dnih argumentov v novih situacijah. Pri\u010dakovati je, da bo osnovna \u0161ola izobrazila matemati\u010dno pismenega \u010dloveka, da se bo torej zna\u0161el v vsakdanjem \u017eivljenju: znal bo komunicirati, sprejemati informacije in prave odlo\u010ditve, in sicer doma, v slu\u017ebi in dru\u017ebi nasploh.<\/p>\n<h3>POLETNO PO\u010cITNI\u0160KO VARSTVO<\/h3>\n<p style=\"text-align: justify\">Osnovna \u0161ola Koper v sodelovanju z Mestno ob\u010dino Koper izvaja Poletno po\u010ditni\u0161ko varstvo za \u0161oloobvezne otroke od 1. do 5. razreda iz Mestne ob\u010dine Koper pa tudi izven. Namen je otrokom ponuditi mo\u017enost aktivnega, ustvarjalnega, pou\u010dnega ter zabavnega pre\u017eivljanja po\u010ditni\u0161kih dni, star\u0161em pa zagotoviti organizirano varstvo v \u010dasu njihovih slu\u017ebenih obveznosti.<\/p>\n<p style=\"text-align: justify\">Prvi sklop po\u010ditni\u0161kega varstva se pri\u010dne konec junija in traja 4 tedne, drugi sklop pa v avgustu 2 tedna. Varstvo bo potekalo od ponedeljka do petka med 7.00 in 16.00. Program po\u010ditni\u0161kega varsta in termini se objavlja v mesecu juniju pred pri\u010detkom po\u010ditni\u0161kega varstva na spletni strani \u0161ole.<\/p>\n<p style=\"text-align: justify\">V \u010dasu po\u010ditni\u0161kega varstva se v prostorih Osnovne \u0161ole Koper, na njenih \u0161portnih in igralnih povr\u0161inah, na mestnem kopali\u0161\u010du ter na izbranih izletnih to\u010dkah izvajal program pod vodstvom u\u010diteljev in drugih strokovnih delavcev Osnovne \u0161ole Koper. Otroci dnevno obiskujejo mestno kopali\u0161\u010de Mokra ma\u010dka ter se udele\u017eujejo organiziranih delavnic (ustvarjalne, jezikovne, glasbene, \u0161portne, socialne, kuharske idr.)<\/p>\n<p>&nbsp;<\/p>\n<p>[\/et_pb_text][\/et_pb_column][\/et_pb_row][\/et_pb_section]<\/p>\n<h3>Related Images:<\/h3>","protected":false},"excerpt":{"rendered":"<p>NADSTANDARDNI PROGRAM S \u0161olskim letom 2016\/2017 je MOK pri\u010dela z druga\u010dno obliko sofinanciranja dodatnih programov po izbiri \u0161ole. Finan\u010dno podpira programe, ki izhajajo iz interesa u\u010dencev in okolja, usmeritve \u0161ole, so inovativni in imajo konkretne cilje. Kot dodatni program po izbiri \u0161ole MOK sofinancira naslednje vsebinske sklope: 1.\u00a0\u00a0\u00a0\u00a0 Podro\u010dna pismenost: a) funkcionalna pismenost b) matemati\u010dna [&hellip;]<\/p>\n","protected":false},"author":9402,"featured_media":0,"parent":1557,"menu_order":0,"comment_status":"closed","ping_status":"open","template":"","meta":{"_et_pb_use_builder":"on","_et_pb_old_content":"<h4><span style=\"color: #181717; font-family: Calibri; font-size: x-large;\">Nadstandardni \u0161portni program v prvem triletju<\/span><\/h4><p>Na Osnovni \u0161oli Koper je organiziran nadstandardni \u0161portni program za u\u010dence od prvega do tretjega razreda. U\u010dno-vzgojni proces za u\u010dence, vklju\u010dene v nadstandardni \u0161portni program, se razlikuje v tem, da imajo vklju\u010deni u\u010denci vsak dan eno uro \u0161portne vzgoje, ki jo vodita razredni\u010darka ali u\u010ditelj \u0161portne vzgoje ter ve\u010ddnevne izven\u0161olske aktivnosti: tri \u0161portne sobote (planinski izleti, kolesarjenje \u2026) in eno ve\u010ddnevno \u0161olo v naravi oz. ve\u010ddnevni te\u010daj \u0161portnih ve\u0161\u010din.<\/p><p>Namen \u0161portnega programa je ponuditi otrokom kvalitetno, vsakodnevno \u0161portno \u017eivljenje. Cilj takega programa je lahko \u0161portni rezultat ali pa le \u017eelja po gibanju in prispevek \u0161porta h kakovosti \u017eivljenja.<\/p><p>V \u0161portni program bodo vklju\u010deni otroci, ki bodo to \u017eeleli, njihovi star\u0161i pa bodo pogodbeno pripravljeni sofinancirati izvajanje \u0161portnega programa.<\/p><p>V okviru \u0161portnega programa bomo v \u0161olskem letu 2016\/17 izvedli naslednje \u0161portne sobote:<\/p><table width=\"456\"><tbody><tr><td width=\"94\">\u00a0<\/td><td width=\"58\">Razred<\/td><td width=\"123\">Dejavnost<\/td><td width=\"69\">\u010cas<\/td><td width=\"112\">Nosilec<\/td><\/tr><tr><td width=\"94\">1. \u0161portna sobota<\/td><td width=\"58\">1.\u20133.<\/td><td width=\"123\">\u0160portne igre<\/td><td width=\"69\">november<\/td><td width=\"112\">vsi \u0161portni pedagogi<\/td><\/tr><tr><td width=\"94\">2. \u0161portna sobota<\/td><td width=\"58\">1.\u20133.<\/td><td width=\"123\">Pohod in lov na zaklad<\/td><td width=\"69\">marec<\/td><td width=\"112\">vsi \u0161portni pedagogi<\/td><\/tr><tr><td width=\"94\">3. \u0161portna sobota<\/td><td width=\"58\">1.\u20133.<\/td><td width=\"123\">Zabavne \u0161portne igre z dru\u017eenjem s star\u0161i<\/td><td width=\"69\">maj<\/td><td width=\"112\">vsi \u0161portni pedagogi<\/td><\/tr><\/tbody><\/table><h4>Finan\u010dna struktura \u0161portnega programa<\/h4><p>a.) <em>Predvideni prispevek star\u0161ev:<\/em><\/p><ul><li>okvirno 19,10 \u20ac mese\u010dno za realizacijo nadstandardnega (dodatnega) pouka \u0161portne vzgoje, ki ga vodi u\u010ditelj \u0160VZ (2 pedago\u0161ki uri tedensko),<\/li><li>stro\u0161ki ve\u010ddnevnih aktivnosti izven \u0161ole (\u0161ola v naravi),<\/li><li>stro\u0161ki enodnevnih dejavnosti izven \u0161ole (\u0161portne sobote).<\/li><\/ul><p>b.) Predvideni prispevek \u0161ole:\u00a0\u00a0\u00a0\u00a0\u00a0 financiranje in nabava materialnih sredstev in drobnega materiala za izvajanje\u00a0\u00a0\u00a0\u00a0\u00a0\u00a0\u00a0 \u0161portnega programa, financiranje organizacije in spremljanja \u0161portnega\u00a0 programa<\/p><h4>Nadstandardni program<\/h4><p>S \u0161olskim letom 2016\/2017 je MOK pri\u010dela z druga\u010dno obliko sofinanciranja dodatnih programov po izbiri \u0161ole. Finan\u010dno podpira programe, ki izhajajo iz interesa u\u010dencev in okolja, usmeritve \u0161ole, so inovativni in imajo konkretne vzgojno-izobra\u017eevalne cilje. Kot dodatni program po izbiri \u0161ole bodo sofinancirali naslednje vsebinske sklope:<\/p><ol><li>Podro\u010dna pismenost:<ul><li>funkcionalna pismenost<\/li><li>matemati\u010dna pismenost 6.-9. r<\/li><li>bralna pismenost 6.-9. r<\/li><li>digitalna pismenost<\/li><\/ul><\/li><li>Jezikovna pismenost (tuj jezik)<\/li><li>Program v jeziku okolja<\/li><li>Delo z nadarjenimi<\/li><li>\u0160portni program<\/li><\/ol>","_et_gb_content_width":"","ngg_post_thumbnail":0,"footnotes":"","_expiration-date-status":"","_expiration-date":0,"_expiration-date-type":"","_expiration-date-categories":[],"_expiration-date-options":[]},"class_list":["post-1936","page","type-page","status-publish","hentry"],"_links":{"self":[{"href":"https:\/\/oskoper.splet.arnes.si\/index.php?rest_route=\/wp\/v2\/pages\/1936","targetHints":{"allow":["GET"]}}],"collection":[{"href":"https:\/\/oskoper.splet.arnes.si\/index.php?rest_route=\/wp\/v2\/pages"}],"about":[{"href":"https:\/\/oskoper.splet.arnes.si\/index.php?rest_route=\/wp\/v2\/types\/page"}],"author":[{"embeddable":true,"href":"https:\/\/oskoper.splet.arnes.si\/index.php?rest_route=\/wp\/v2\/users\/9402"}],"replies":[{"embeddable":true,"href":"https:\/\/oskoper.splet.arnes.si\/index.php?rest_route=%2Fwp%2Fv2%2Fcomments&post=1936"}],"version-history":[{"count":30,"href":"https:\/\/oskoper.splet.arnes.si\/index.php?rest_route=\/wp\/v2\/pages\/1936\/revisions"}],"predecessor-version":[{"id":27685,"href":"https:\/\/oskoper.splet.arnes.si\/index.php?rest_route=\/wp\/v2\/pages\/1936\/revisions\/27685"}],"up":[{"embeddable":true,"href":"https:\/\/oskoper.splet.arnes.si\/index.php?rest_route=\/wp\/v2\/pages\/1557"}],"wp:attachment":[{"href":"https:\/\/oskoper.splet.arnes.si\/index.php?rest_route=%2Fwp%2Fv2%2Fmedia&parent=1936"}],"curies":[{"name":"wp","href":"https:\/\/api.w.org\/{rel}","templated":true}]}}