{"id":1478,"date":"2016-10-21T13:14:45","date_gmt":"2016-10-21T11:14:45","guid":{"rendered":"http:\/\/oskoper.splet.arnes.si\/?page_id=1478"},"modified":"2024-09-05T09:09:25","modified_gmt":"2024-09-05T07:09:25","slug":"svetovalna-sluzba","status":"publish","type":"page","link":"https:\/\/oskoper.splet.arnes.si\/?page_id=1478","title":{"rendered":"Svetovalna slu\u017eba"},"content":{"rendered":"<p>[et_pb_section fb_built=&#8221;1&#8243; fullwidth=&#8221;on&#8221; admin_label=&#8221;Section&#8221; _builder_version=&#8221;4.16&#8243; background_color=&#8221;rgba(255,255,255,0)&#8221; transparent_background=&#8221;on&#8221; global_colors_info=&#8221;{}&#8221;][et_pb_fullwidth_menu menu_id=&#8221;67&#8243; submenu_direction=&#8221;downwards&#8221; fullwidth_menu=&#8221;off&#8221; active_link_color=&#8221;#dd3333&#8243; admin_label=&#8221;Fullwidth Menu&#8221; _builder_version=&#8221;4.16&#8243; menu_font=&#8221;|on|||&#8221; menu_text_color=&#8221;#31661f&#8221; background_color=&#8221;rgba(255,255,255,0)&#8221; text_orientation=&#8221;justified&#8221; saved_tabs=&#8221;all&#8221; global_colors_info=&#8221;{}&#8221;][\/et_pb_fullwidth_menu][\/et_pb_section][et_pb_section fb_built=&#8221;1&#8243; admin_label=&#8221;section&#8221; _builder_version=&#8221;4.16&#8243; global_colors_info=&#8221;{}&#8221;][et_pb_row admin_label=&#8221;row&#8221; _builder_version=&#8221;4.16&#8243; background_size=&#8221;initial&#8221; background_position=&#8221;top_left&#8221; background_repeat=&#8221;repeat&#8221; global_colors_info=&#8221;{}&#8221;][et_pb_column type=&#8221;4_4&#8243; _builder_version=&#8221;4.16&#8243; custom_padding=&#8221;|||&#8221; global_colors_info=&#8221;{}&#8221; custom_padding__hover=&#8221;|||&#8221;][et_pb_text admin_label=&#8221;Text&#8221; _builder_version=&#8221;4.27.0&#8243; background_size=&#8221;initial&#8221; background_position=&#8221;top_left&#8221; background_repeat=&#8221;repeat&#8221; hover_enabled=&#8221;0&#8243; global_colors_info=&#8221;{}&#8221; sticky_enabled=&#8221;0&#8243;]<\/p>\n<h3>\u0160olska svetovalna slu\u017eba<\/h3>\n<p>&nbsp;<\/p>\n<p>\u0160olska svetovalna slu\u017eba je namenjena u\u010dencem, star\u0161em in pedago\u0161kim delavcem na \u0161oli. Njena temeljna naloga je, da se na podlagi svojega posebnega strokovnega znanja preko svetovalnega odnosa in na strokovno avtonomen na\u010din vklju\u010duje v kompleksno re\u0161evanje pedago\u0161kih, psiholo\u0161kih in socialnih vpra\u0161anj vzgojno-izobra\u017eevalnega dela v \u0161oli s tem, da pomaga in sodeluje z vsemi udele\u017eenci v \u0161oli in po potrebi z ustreznimi zunanjimi ustanovami. Cilj dela svetovalne slu\u017ebe v \u0161oli je, da pomaga in sodeluje, da bi vzgojno-izobra\u017eevalna ustanova kot celota in vsi njeni posamezni deli \u010dimbolj u\u010dinkovito uresni\u010devali zastavljene vzgojno-izobra\u017eevalne cilje. Osnovne oblike dela so svetovanje, posvetovanje in neposredna pomo\u010d na naslednjih podro\u010djih dela:<\/p>\n<ul>\n<li>u\u010denje in pou\u010devanje;<\/li>\n<li>\u0161olska kultura, vzgoja, klima, red;<\/li>\n<li>telesni, osebni in socialni razvoj;<\/li>\n<li>poklicna orientacija;<\/li>\n<li>socialno-ekonomske stiske.<\/li>\n<\/ul>\n<p>V \u0161olski svetovalni slu\u017ebi lahko u\u010denci in star\u0161i poi\u0161\u010dete tudi informacije, nasvete in pomo\u010d v primerih, ki se nana\u0161ajo na naslednja podro\u010dja:<br \/>vpis, sprejem in uvajanje otrok v \u0161olo,<\/p>\n<ul>\n<li>vpis, sprejem in uvajanje otrok v \u0161olo,<\/li>\n<li>prepis u\u010dencev vi\u0161jih razredov,<\/li>\n<li>\u0161olanje na domu,<\/li>\n<li>svetovanje in pomo\u010d v zvezi z u\u010dnim uspehom, vedenjskimi in razvojnimi odstopanji,<\/li>\n<li>postopki v zvezi z vklju\u010devanjem otrok s posebnimi potrebami,<\/li>\n<li>postopki v zvezi z evidentiranjem in identifikacijo nadarjenih u\u010dencev,<\/li>\n<li>poklicno informiranje in svetovanje,<\/li>\n<li>u\u010dne te\u017eave,<\/li>\n<li>vedenjske te\u017eave,<\/li>\n<li>subvencioniranje prehrane, \u0161ole v naravi,<\/li>\n<li>medvrstni\u0161ko nasilje,<\/li>\n<li>nasilje v dru\u017eini,<\/li>\n<li>mediacija,<\/li>\n<li>solidarnostni sklad.<\/li>\n<\/ul>\n<p>Svetovalna slu\u017eba je dosegljiva v dopoldanskem \u010dasu od 8.00 do 14.00 ure in v popoldanskem \u010dasu po dogovoru.<\/p>\n<p><strong>Svetovalne delavke:<\/strong><\/p>\n<p><strong>Mateja \u0160kof, socialna delavka, <\/strong>tel. 05 66 38 121, e-mail:<strong> <\/strong><a href=\"mailto:mateja.skof@os-koper.si\">mateja.skof@os-koper.si,<\/a><\/p>\n<p><strong>Dajana Nedoh, pedagoginja,<\/strong> tel. 05 66 38 120, e-mail: <a href=\"mailto:dajana.nedoh@guest.arnes.si\">dajana.nedoh@guest.arnes.si,<\/a><\/p>\n<p><strong>Nika Rude\u017e, socialna pedagoginja, <\/strong>tel. 05 66 38 121, e-mail:<strong> <\/strong><a href=\"mailto:nika.rudez@os-koper.si\">nika.rudez@os-koper.si.<\/a><\/p>\n<p>&nbsp;<\/p>\n<p>[\/et_pb_text][\/et_pb_column][\/et_pb_row][\/et_pb_section]<\/p>\n<h3>Related Images:<\/h3>","protected":false},"excerpt":{"rendered":"<p>\u0160olska svetovalna slu\u017eba &nbsp; \u0160olska svetovalna slu\u017eba je namenjena u\u010dencem, star\u0161em in pedago\u0161kim delavcem na \u0161oli. Njena temeljna naloga je, da se na podlagi svojega posebnega strokovnega znanja preko svetovalnega odnosa in na strokovno avtonomen na\u010din vklju\u010duje v kompleksno re\u0161evanje pedago\u0161kih, psiholo\u0161kih in socialnih vpra\u0161anj vzgojno-izobra\u017eevalnega dela v \u0161oli s tem, da pomaga in sodeluje [&hellip;]<\/p>\n","protected":false},"author":9402,"featured_media":0,"parent":0,"menu_order":6,"comment_status":"closed","ping_status":"open","template":"","meta":{"_et_pb_use_builder":"on","_et_pb_old_content":"<p>\u0160olska svetovalna slu\u017eba svetuje u\u010dencem in star\u0161em ter sodeluje z u\u010ditelji in vodstvom \u0161ole pri na\u010drtovanju in spremljanju razvoja \u0161ole ter pri opravljanju vzgojno-izobra\u017eevalnega dela.<\/p><p>Svetovalne delavke so:<\/p><ul><li>Nada Sluga, socialna delavka<\/li><li>Dajana Nedoh, pedagoginja<\/li><\/ul><p>Temeljne naloge \u0161olske svetovalne slu\u017ebe so:<\/p><ul><li>vpis otrok v \u0161olo,<\/li><li>poklicno svetovanje,<\/li><li>socialno delo,<\/li><li>pedago\u0161ko-psiholo\u0161ko in socialno ter analiti\u010dno-raziskovalno spremljanje vzgojno izobra\u017eevalnega dela,<\/li><li>sodelovanje z u\u010ditelji, u\u010denci, vodstvom \u0161ole in zunanjimi strokovnimi institucijami.<\/li><li>individualno svetovanje star\u0161em,<\/li><li>organizacija in izvedba nekaterih roditeljskih sestankov,<\/li><li>skupinsko in individualno re\u0161evanje vzgojne in u\u010dne problematike,<\/li><li>raziskovalno delo: spremljanje in evalvacija prednostnih nalog devetletke,<\/li><li>uvajanje novosti s pedago\u0161ko-psiholo\u0161kega podro\u010dja in pomo\u010d pri drugih oblikah vzgojno izobra\u017eevalnega dela,<\/li><li>odkrivanje in delo z nadarjenimi u\u010denci,<\/li><li>prizadevanje za spreminjanje psihosocialne klime na \u0161oli.<\/li><\/ul><p>Star\u0161i u\u010dencev se lahko po predhodnem dogovoru oglasite na razgovor v prostorih \u0161olske svetovalne slu\u017ebe v dopoldanskem \u010dasu od 8.00 do 14.00 in v popoldanskem \u010dasu med govorilnimi urami vsak drugi torek v mesecu od 17.00 do 19.00.<\/p><p>[button link=\"http:\/\/oskoper.splet.arnes.si\/?cat=25\" icon=\"paste\" bg_color=\"#088A29\"]Objave in prispevki[\/button]<\/p><p>\u00a0<\/p>","_et_gb_content_width":"","ngg_post_thumbnail":0,"footnotes":"","_expiration-date-status":"","_expiration-date":0,"_expiration-date-type":"","_expiration-date-categories":[],"_expiration-date-options":[]},"class_list":["post-1478","page","type-page","status-publish","hentry"],"_links":{"self":[{"href":"https:\/\/oskoper.splet.arnes.si\/index.php?rest_route=\/wp\/v2\/pages\/1478","targetHints":{"allow":["GET"]}}],"collection":[{"href":"https:\/\/oskoper.splet.arnes.si\/index.php?rest_route=\/wp\/v2\/pages"}],"about":[{"href":"https:\/\/oskoper.splet.arnes.si\/index.php?rest_route=\/wp\/v2\/types\/page"}],"author":[{"embeddable":true,"href":"https:\/\/oskoper.splet.arnes.si\/index.php?rest_route=\/wp\/v2\/users\/9402"}],"replies":[{"embeddable":true,"href":"https:\/\/oskoper.splet.arnes.si\/index.php?rest_route=%2Fwp%2Fv2%2Fcomments&post=1478"}],"version-history":[{"count":15,"href":"https:\/\/oskoper.splet.arnes.si\/index.php?rest_route=\/wp\/v2\/pages\/1478\/revisions"}],"predecessor-version":[{"id":30344,"href":"https:\/\/oskoper.splet.arnes.si\/index.php?rest_route=\/wp\/v2\/pages\/1478\/revisions\/30344"}],"wp:attachment":[{"href":"https:\/\/oskoper.splet.arnes.si\/index.php?rest_route=%2Fwp%2Fv2%2Fmedia&parent=1478"}],"curies":[{"name":"wp","href":"https:\/\/api.w.org\/{rel}","templated":true}]}}