{"id":1250,"date":"2016-10-17T13:24:20","date_gmt":"2016-10-17T11:24:20","guid":{"rendered":"http:\/\/oskoper.splet.arnes.si\/?p=1250"},"modified":"2017-11-28T08:54:05","modified_gmt":"2017-11-28T07:54:05","slug":"izzivi-medkulturnega-sobivanja","status":"publish","type":"page","link":"https:\/\/oskoper.splet.arnes.si\/?page_id=1250","title":{"rendered":"Izzivi medkulturnega sobivanja"},"content":{"rendered":"<p>[et_pb_section bb_built=&#8221;1&#8243; admin_label=&#8221;section&#8221;][et_pb_row admin_label=&#8221;row&#8221;][et_pb_column type=&#8221;4_4&#8243;][et_pb_text admin_label=&#8221;Text&#8221; background_layout=&#8221;light&#8221; text_orientation=&#8221;left&#8221; use_border_color=&#8221;off&#8221; border_color=&#8221;#ffffff&#8221; border_style=&#8221;solid&#8221;]<\/p>\n<table>\n<tbody>\n<tr>\n<td><a href=\"http:\/\/oskoper.splet.arnes.si\/files\/2016\/10\/IZZIVI-MEDKULTURNEGA-SOBIVANJA.pdf\"><img loading=\"lazy\" decoding=\"async\" class=\"wp-image-1252 aligncenter\" src=\"http:\/\/oskoper.splet.arnes.si\/files\/2016\/10\/logo-medkulturno-sobivanje-300x130.jpg\" alt=\"logo-medkulturno sobivanje\" width=\"198\" height=\"86\" \/><\/a><\/td>\n<td>\u00a0<img loading=\"lazy\" decoding=\"async\" class=\"wp-image-4055 size-medium aligncenter\" src=\"http:\/\/oskoper.splet.arnes.si\/files\/2016\/10\/Logo-MIZ\u0160-300x60.jpg\" alt=\"\" width=\"300\" height=\"60\" srcset=\"https:\/\/oskoper.splet.arnes.si\/files\/2016\/10\/Logo-MIZ\u0160-300x60.jpg 300w, https:\/\/oskoper.splet.arnes.si\/files\/2016\/10\/Logo-MIZ\u0160-768x154.jpg 768w, https:\/\/oskoper.splet.arnes.si\/files\/2016\/10\/Logo-MIZ\u0160-650x130.jpg 650w, https:\/\/oskoper.splet.arnes.si\/files\/2016\/10\/Logo-MIZ\u0160.jpg 795w\" sizes=\"(max-width: 300px) 100vw, 300px\" \/><\/td>\n<td><img loading=\"lazy\" decoding=\"async\" class=\"size-medium wp-image-4053 aligncenter\" src=\"http:\/\/oskoper.splet.arnes.si\/files\/2016\/10\/Logo_ESS_barvni-300x124.jpg\" alt=\"\" width=\"300\" height=\"124\" srcset=\"https:\/\/oskoper.splet.arnes.si\/files\/2016\/10\/Logo_ESS_barvni-300x124.jpg 300w, https:\/\/oskoper.splet.arnes.si\/files\/2016\/10\/Logo_ESS_barvni-650x268.jpg 650w, https:\/\/oskoper.splet.arnes.si\/files\/2016\/10\/Logo_ESS_barvni.jpg 731w\" sizes=\"(max-width: 300px) 100vw, 300px\" \/><\/td>\n<\/tr>\n<\/tbody>\n<\/table>\n<p><span style=\"font-size: 10.0pt;font-family: 'Verdana',sans-serif\"><a href=\"http:\/\/www.medkulturnost.si\">www.medkulturnost.si<\/a><\/span><\/p>\n<p><strong>Kratek opis operacije<\/strong><\/p>\n<p>Osnovni cilj projekta je prispevati k razvijanju vrednot medkulturnosti ter k izbolj\u0161anju strokovne usposobljenosti vodstvenih in strokovnih delavcev v VIZ za uspe\u0161nej\u0161e vklju\u010devanje otrok priseljencev iz drugih jezikovnih in kulturnih okolij v slovenski vzgojno-izobra\u017eevalni sistem. Cilj projekta je tako zagotoviti ustrezno izobra\u017eevanje strokovnih delavcev, ki so v stiku z otroki priseljenci, ter usposabljanje strokovnih delavcev \u2013 multiplikatorjev za delo z otroki priseljenci ter s strokovnimi delavci vzgojno-izobra\u017eevalnih zavodov, v katere so vklju\u010deni otroci priseljenci.<br \/>\nTrajanje operacije: 13.5.2016 do 30.9.2021<\/p>\n<p>Konzorcij: ISA Institut, Osnovna \u0161ola Koper, Osnovna \u0161ola Milojke \u0160trukelj Nova Gorica, Osnovna \u0161ola Matije \u010copa Kranj, Srednja \u0161ola Jesenice, Osnovna \u0161ola Trzin, Osnovna \u0161ola Livada, Osnovna \u0161ola Antona Globo\u010dnika Postojna, Osnovna \u0161ola Grm Novo mesto, Osnovna \u0161ola Leskovec pri Kr\u0161kem, Osnovna \u0161ola Ton\u010dke \u010ce\u010d Trbovlje, lll. Osnovna \u0161ola Celje, Osnovna \u0161ola Karla Destovnika- Kajuha \u0160o\u0161tanj, Druga osnovna \u0161ola Slovenj Gradec, Srednja \u0161ola Slovenska Bistrica, Osnovna \u0161ola Maksa Durjave Maribor.<\/p>\n<p>Nalo\u017ebo sofinancirata Republika Slovenija in Evropska unija iz Evropskega socialnega sklada.<br \/>\nSpletna stran evropske kohezijske politike v Sloveniji: <a href=\"http:\/\/www.eu-skladi.si\">www.eu-skladi.si.<\/a><\/p>\n<p>[\/et_pb_text][\/et_pb_column][\/et_pb_row][\/et_pb_section]<\/p>\n<h3>Related Images:<\/h3>","protected":false},"excerpt":{"rendered":"<p>\u00a0 www.medkulturnost.si Kratek opis operacije Osnovni cilj projekta je prispevati k razvijanju vrednot medkulturnosti ter k izbolj\u0161anju strokovne usposobljenosti vodstvenih in strokovnih delavcev v VIZ za uspe\u0161nej\u0161e vklju\u010devanje otrok priseljencev iz drugih jezikovnih in kulturnih okolij v slovenski vzgojno-izobra\u017eevalni sistem. Cilj projekta je tako zagotoviti ustrezno izobra\u017eevanje strokovnih delavcev, ki so v stiku z otroki [&hellip;]<\/p>\n","protected":false},"author":9402,"featured_media":0,"parent":0,"menu_order":0,"comment_status":"closed","ping_status":"open","template":"","meta":{"_et_pb_use_builder":"on","_et_pb_old_content":"<p><img class=\"alignnone size-medium wp-image-4053\" src=\"http:\/\/oskoper.splet.arnes.si\/files\/2016\/10\/Logo_ESS_barvni-300x124.jpg\" alt=\"\" width=\"300\" height=\"124\" \/><a href=\"http:\/\/oskoper.splet.arnes.si\/files\/2016\/10\/Predstavitev-projekta-za-\u0161olsko-spletno-stran.pdf\"><img class=\" wp-image-1252 alignleft\" src=\"http:\/\/oskoper.splet.arnes.si\/files\/2016\/10\/logo-medkulturno-sobivanje-300x130.jpg\" alt=\"logo-medkulturno sobivanje\" width=\"198\" height=\"86\" \/><img class=\"size-medium wp-image-4055 alignright\" src=\"http:\/\/oskoper.splet.arnes.si\/files\/2016\/10\/Logo-MIZ\u0160-300x60.jpg\" alt=\"\" width=\"300\" height=\"60\" \/><\/a><\/p><p><span style=\"font-size: 10.0pt; font-family: 'Verdana',sans-serif;\"><a href=\"http:\/\/www.medkulturnost.si\">www.medkulturnost.si<\/a><\/span><\/p>","_et_gb_content_width":"","ngg_post_thumbnail":0,"footnotes":"","_expiration-date-status":"","_expiration-date":0,"_expiration-date-type":"","_expiration-date-categories":[],"_expiration-date-options":[]},"class_list":["post-1250","page","type-page","status-publish","hentry"],"_links":{"self":[{"href":"https:\/\/oskoper.splet.arnes.si\/index.php?rest_route=\/wp\/v2\/pages\/1250","targetHints":{"allow":["GET"]}}],"collection":[{"href":"https:\/\/oskoper.splet.arnes.si\/index.php?rest_route=\/wp\/v2\/pages"}],"about":[{"href":"https:\/\/oskoper.splet.arnes.si\/index.php?rest_route=\/wp\/v2\/types\/page"}],"author":[{"embeddable":true,"href":"https:\/\/oskoper.splet.arnes.si\/index.php?rest_route=\/wp\/v2\/users\/9402"}],"replies":[{"embeddable":true,"href":"https:\/\/oskoper.splet.arnes.si\/index.php?rest_route=%2Fwp%2Fv2%2Fcomments&post=1250"}],"version-history":[{"count":16,"href":"https:\/\/oskoper.splet.arnes.si\/index.php?rest_route=\/wp\/v2\/pages\/1250\/revisions"}],"predecessor-version":[{"id":5997,"href":"https:\/\/oskoper.splet.arnes.si\/index.php?rest_route=\/wp\/v2\/pages\/1250\/revisions\/5997"}],"wp:attachment":[{"href":"https:\/\/oskoper.splet.arnes.si\/index.php?rest_route=%2Fwp%2Fv2%2Fmedia&parent=1250"}],"curies":[{"name":"wp","href":"https:\/\/api.w.org\/{rel}","templated":true}]}}

<p>[et_pb_section bb_built=&#8221;1&#8243; admin_label=&#8221;section&#8221;][et_pb_row admin_label=&#8221;row&#8221;][et_pb_column type=&#8221;4_4&#8243;][et_pb_text admin_label=&#8221;Text&#8221; background_layout=&#8221;light&#8221; text_orientation=&#8221;left&#8221; use_border_color=&#8221;off&#8221; border_color=&#8221;#ffffff&#8221; border_style=&#8221;solid&#8221;]</p>
<table>
<tbody>
<tr>
<td><a href="http://oskoper.splet.arnes.si/files/2016/10/IZZIVI-MEDKULTURNEGA-SOBIVANJA.pdf"><img loading="lazy" decoding="async" class="wp-image-1252 aligncenter" src="http://oskoper.splet.arnes.si/files/2016/10/logo-medkulturno-sobivanje-300x130.jpg" alt="logo-medkulturno sobivanje" width="198" height="86" /></a></td>
<td> <img loading="lazy" decoding="async" class="wp-image-4055 size-medium aligncenter" src="http://oskoper.splet.arnes.si/files/2016/10/Logo-MIZŠ-300x60.jpg" alt="" width="300" height="60" srcset="https://oskoper.splet.arnes.si/files/2016/10/Logo-MIZŠ-300x60.jpg 300w, https://oskoper.splet.arnes.si/files/2016/10/Logo-MIZŠ-768x154.jpg 768w, https://oskoper.splet.arnes.si/files/2016/10/Logo-MIZŠ-650x130.jpg 650w, https://oskoper.splet.arnes.si/files/2016/10/Logo-MIZŠ.jpg 795w" sizes="(max-width: 300px) 100vw, 300px" /></td>
<td><img loading="lazy" decoding="async" class="size-medium wp-image-4053 aligncenter" src="http://oskoper.splet.arnes.si/files/2016/10/Logo_ESS_barvni-300x124.jpg" alt="" width="300" height="124" srcset="https://oskoper.splet.arnes.si/files/2016/10/Logo_ESS_barvni-300x124.jpg 300w, https://oskoper.splet.arnes.si/files/2016/10/Logo_ESS_barvni-650x268.jpg 650w, https://oskoper.splet.arnes.si/files/2016/10/Logo_ESS_barvni.jpg 731w" sizes="(max-width: 300px) 100vw, 300px" /></td>
</tr>
</tbody>
</table>
<p><span style="font-size: 10.0pt;font-family: 'Verdana',sans-serif"><a href="http://www.medkulturnost.si">www.medkulturnost.si</a></span></p>
<p><strong>Kratek opis operacije</strong></p>
<p>Osnovni cilj projekta je prispevati k razvijanju vrednot medkulturnosti ter k izboljšanju strokovne usposobljenosti vodstvenih in strokovnih delavcev v VIZ za uspešnejše vključevanje otrok priseljencev iz drugih jezikovnih in kulturnih okolij v slovenski vzgojno-izobraževalni sistem. Cilj projekta je tako zagotoviti ustrezno izobraževanje strokovnih delavcev, ki so v stiku z otroki priseljenci, ter usposabljanje strokovnih delavcev – multiplikatorjev za delo z otroki priseljenci ter s strokovnimi delavci vzgojno-izobraževalnih zavodov, v katere so vključeni otroci priseljenci.<br />
Trajanje operacije: 13.5.2016 do 30.9.2021</p>
<p>Konzorcij: ISA Institut, Osnovna šola Koper, Osnovna šola Milojke Štrukelj Nova Gorica, Osnovna šola Matije Čopa Kranj, Srednja šola Jesenice, Osnovna šola Trzin, Osnovna šola Livada, Osnovna šola Antona Globočnika Postojna, Osnovna šola Grm Novo mesto, Osnovna šola Leskovec pri Krškem, Osnovna šola Tončke Čeč Trbovlje, lll. Osnovna šola Celje, Osnovna šola Karla Destovnika- Kajuha Šoštanj, Druga osnovna šola Slovenj Gradec, Srednja šola Slovenska Bistrica, Osnovna šola Maksa Durjave Maribor.</p>
<p>Naložbo sofinancirata Republika Slovenija in Evropska unija iz Evropskega socialnega sklada.<br />
Spletna stran evropske kohezijske politike v Sloveniji: <a href="http://www.eu-skladi.si">www.eu-skladi.si.</a></p>
<p>[/et_pb_text][/et_pb_column][/et_pb_row][/et_pb_section]</p>
<h3>Related Images:</h3>

<p>  www.medkulturnost.si Kratek opis operacije Osnovni cilj projekta je prispevati k razvijanju vrednot medkulturnosti ter k izboljšanju strokovne usposobljenosti vodstvenih in strokovnih delavcev v VIZ za uspešnejše vključevanje otrok priseljencev iz drugih jezikovnih in kulturnih okolij v slovenski vzgojno-izobraževalni sistem. Cilj projekta je tako zagotoviti ustrezno izobraževanje strokovnih delavcev, ki so v stiku z otroki [&hellip;]</p>

<p><img class="alignnone size-medium wp-image-4053" src="http://oskoper.splet.arnes.si/files/2016/10/Logo_ESS_barvni-300x124.jpg" alt="" width="300" height="124" /><a href="http://oskoper.splet.arnes.si/files/2016/10/Predstavitev-projekta-za-šolsko-spletno-stran.pdf"><img class=" wp-image-1252 alignleft" src="http://oskoper.splet.arnes.si/files/2016/10/logo-medkulturno-sobivanje-300x130.jpg" alt="logo-medkulturno sobivanje" width="198" height="86" /><img class="size-medium wp-image-4055 alignright" src="http://oskoper.splet.arnes.si/files/2016/10/Logo-MIZŠ-300x60.jpg" alt="" width="300" height="60" /></a></p><p><span style="font-size: 10.0pt; font-family: 'Verdana',sans-serif;"><a href="http://www.medkulturnost.si">www.medkulturnost.si</a></span></p>
